se
Is 6621683 a multiple of 2?
False
Is 175715570 a multiple of 118?
True
Does 183 divide 1273761523?
False
Is 653666708 a multiple of 5127?
False
Is 469882503 a multiple of 821?
False
Is 107 a factor of 7675431?
True
Is 23 a factor of 186565119?
False
Is 20 a factor of 44664160?
True
Is 32 a factor of 34132642?
False
Is 65360727 a multiple of 12?
False
Does 71 divide 14559260?
True
Is 71728173 a multiple of 27?
True
Is 224 a factor of 20478304?
True
Does 3 divide 21365979?
True
Is 20774221 a multiple of 1025?
False
Is 590 a factor of 627243748?
False
Does 87 divide 402471952?
False
Does 368 divide 8817280?
True
Is 466034526 a multiple of 4947?
False
Does 505 divide 145374473?
False
Is 518 a factor of 25362834?
True
Is 61 a factor of 30466574?
False
Is 40860144 a multiple of 13?
True
Does 595 divide 73930760?
False
Does 950 divide 127736961?
False
Is 10154 a factor of 5060337286?
True
Is 599139450 a multiple of 1365?
True
Is 56975072 a multiple of 77?
True
Does 222 divide 53764404?
True
Is 239 a factor of 80821674?
True
Is 4504248804 a multiple of 582?
False
Is 2207061891 a multiple of 91?
False
Does 1837 divide 76918864?
True
Is 87 a factor of 24490500?
True
Is 564284451 a multiple of 3434?
False
Does 3781 divide 860164424?
False
Is 20632937 a multiple of 143?
False
Is 2690 a factor of 190745210?
True
Is 7268974 a multiple of 2?
True
Is 434542 a multiple of 3?
False
Does 938 divide 54853302?
True
Is 67 a factor of 1321081351?
False
Does 3078 divide 344415888?
True
Is 436686 a multiple of 219?
True
Is 1512975 a multiple of 58?
False
Does 40 divide 2200426080?
True
Is 8 a factor of 1464433262?
False
Is 103 a factor of 50221461?
True
Does 2 divide 32014172?
True
Does 241 divide 514673588?
False
Is 41512153 a multiple of 127?
False
Is 1656 a factor of 392822114?
False
Is 25928500 a multiple of 500?
True
Is 120825770 a multiple of 82?
True
Is 26424580 a multiple of 364?
True
Does 439 divide 1111142803?
True
Is 3415 a factor of 832215010?
True
Is 465018517 a multiple of 47?
True
Is 3 a factor of 9901061?
False
Does 35 divide 2897015393?
False
Is 1492 a factor of 421922879?
False
Is 18775394 a multiple of 47?
False
Is 108501680 a multiple of 35?
True
Is 27 a factor of 1027555336?
False
Does 11 divide 136113835?
True
Is 2116182 a multiple of 57?
True
Is 165 a factor of 22402181?
False
Is 86 a factor of 159020807?
False
Is 195905190 a multiple of 78?
True
Does 92 divide 901685376?
True
Is 3286864 a multiple of 52?
False
Is 4230 a factor of 177004350?
True
Does 12 divide 19583863?
False
Does 66 divide 186212070?
True
Is 428 a factor of 110024390?
False
Is 30 a factor of 17059794?
False
Is 1127 a factor of 323642681?
False
Is 137 a factor of 6077731?
True
Is 15552045 a multiple of 96?
False
Is 18 a factor of 15471722?
False
Is 19857506 a multiple of 191?
True
Is 16 a factor of 104814366?
False
Does 2923 divide 233075492?
False
Is 26219114 a multiple of 50?
False
Does 10 divide 210987990?
True
Is 10 a factor of 286142150?
True
Is 2716624 a multiple of 77?
False
Is 704001699 a multiple of 57?
True
Is 2188356688 a multiple of 10234?
True
Is 154742791 a multiple of 4149?
False
Does 5 divide 5883330?
True
Is 6617 a factor of 634253679?
False
Is 247063526 a multiple of 1165?
False
Is 125826739 a multiple of 5?
False
Is 1048667318 a multiple of 31?
True
Is 131 a factor of 32210018?
True
Is 173 a factor of 90983403?
False
Is 12 a factor of 1257504?
True
Is 3074 a factor of 70579040?
True
Does 716 divide 42111407?
False
Does 136 divide 420599682?
False
Is 129338676 a multiple of 1206?
True
Does 11657 divide 5097893620?
False
Does 813 divide 16138863?
True
Does 482 divide 42241220?
False
Is 3 a factor of 2054505?
True
Is 189451011 a multiple of 70?
False
Is 4460336173 a multiple of 919?
True
Does 25 divide 841478149?
False
Is 87136740 a multiple of 202?
True
Is 102141864 a multiple of 11?
True
Is 2620 a factor of 182911653?
False
Is 364581126 a multiple of 91?
True
Is 262011867 a multiple of 17?
False
Is 2348 a factor of 62102252?
True
Is 21 a factor of 375233137?
False
Is 103114960 a multiple of 80?
True
Is 8 a factor of 70616231?
False
Does 2135 divide 587101515?
True
Is 19 a factor of 9435681?
False
Does 10 divide 4579200?
True
Is 3 a factor of 424235247?
True
Is 64 a factor of 199181856?
False
Does 19 divide 50817178?
False
Is 10392736 a multiple of 101?
False
Is 26 a factor of 6498361012?
True
Is 11 a factor of 126462317?
False
Is 72 a factor of 89247136?
False
Does 984 divide 681510528?
True
Is 300415192 a multiple of 44?
True
Does 5 divide 57967237?
False
Is 462 a factor of 4339321?
False
Is 52 a factor of 895410828?
True
Does 318 divide 646843898?
False
Is 19 a factor of 49072326?
True
Is 5592 a factor of 1288022136?
True
Is 968 a factor of 258384368?
True
Is 3024348570 a multiple of 11?
False
Does 118 divide 35175051?
False
Is 395634174 a multiple of 39?
True
Is 45757359 a multiple of 43?
False
Does 9 divide 2518965?
True
Does 1176 divide 78329887?
False
Does 22 divide 33708802?
False
Is 351425267 a multiple of 25?
False
Is 6341191678 a multiple of 16897?
False
Is 162 a factor of 213433117?
False
Does 250 divide 28946000?
True
Is 539301191 a multiple of 282?
False
Is 20644846 a multiple of 248?
False
Does 232 divide 2625638?
False
Does 634 divide 1655952842?
True
Does 21 divide 10438079?
False
Does 33 divide 206375433?
True
Does 26 divide 68681665?
False
Is 4797414 a multiple of 27?
True
Is 83802150 a multiple of 13?
False
Is 241395805 a multiple of 1385?
True
Is 53677824 a multiple of 323?
False
Is 2758 a factor of 24059075?
False
Does 95 divide 2377713936?
False
Is 99 a factor of 391432635?
True
Is 288 a factor of 760533843?
False
Is 28734450 a multiple of 5?
True
Does 4869 divide 178409898?
True
Does 28 divide 450200207?
False
Is 39197782 a multiple of 26?
True
Is 5999107 a multiple of 18?
False
Is 19047244 a multiple of 408?
False
Does 118 divide 5074322?
False
Is 156006729 a multiple of 1005?
False
Is 43270640 a multiple of 70?
True
Is 8 a factor of 1764024?
True
Does 174 divide 22304016?
True
Does 60 divide 202246320?
True
Is 648451419 a multiple of 231?
True
Does 2687 divide 4047892136?
False
Is 16 a factor of 42097?
False
Does 239 divide 24086673?
False
Does 1470 divide 34780449?
False
Does 3 divide 77354433?
True
Is 352081428 a multiple of 4631?
False
Is 1285 a factor of 32577403?
False
Does 146 divide 83033358?
False
Is 83 a factor of 2561805796?
False
Is 40790602 a multiple of 2567?
False
Does 31 divide 28018017?
True
Does 2978 divide 216595907?
False
Is 78601970 a multiple of 1486?
True
Does 728 divide 6303752?
True
Is 303595000 a multiple of 2500?
True
Is 4268 a factor of 256092804?
True
Is 61 a factor of 656355181?
True
Is 121685541 a multiple of 73?
False
Does 129 divide 45667032?
True
Is 143528253 a multiple of 2384?
False
Is 41973490 a multiple of 3965?
True
Does 47 divide 30543679?
False
Does 46 divide 1312028542?
False
Is 2242035 a multiple of 3?
True
Is 1031 a factor of 20911773?
True
Does 6369 divide 1554395864?
False
Is 749915 a multiple of 101?
False
Is 59 a factor of 2208853859?
True
Is 186640983 a multiple of 13?
False
Is 446546753 a multiple of 3538?
False
Is 1185 a factor of 340359255?
True
Is 11 a factor of 21860298?
False
Does 21 divide 248648315?
False
Does 113 divide 19759970?
False
Does 595 divide 30734725?
True
Does 375 divide 214645161?
False
Is 25 a factor of 224916150?
True
Is 10 a factor of 6292640?
True
Does 26 divide 8960722?
False
Does 60 divide 89696460?
True
Is 1428656 a multiple of 8?
True
Is 5951673 a multiple of 13?
True
Is 103 a factor of 36168974?
False
Is 103 a factor of 239306080?
True
Is 12646900 a multiple of 9?
False
Is 88565912 a multiple of 179?
False
Is 284 a factor of 447572640?
True
Is 37946833 a multiple of 1112?
False
Is 2638 a factor of 3469996182?
True
Does 528 divide 8732516?
False
Is 371 a factor of 26070557?
False
Is 16 a factor of 29468976?
True
Is 4570 a factor of 1689085521?
False
Is 29 a factor of 5619362?
False
Is 98 a factor of 9162804?
True
Is 22814505 a multiple of 7?
True
Is 41 a factor of 4618732?
True
Is 30526695 a multiple of 45?
True
Does 43 divide 1669276512?
True
Is 38 a factor of 1686171145?
False
Is 12134813 a multiple of 26?
False
Is 296 a factor of 8337513?
False
Does